{"id":155,"date":"2023-11-24T16:14:08","date_gmt":"2023-11-24T16:14:08","guid":{"rendered":"https:\/\/galerie-wp.helmut-pelzer.de\/?page_id=155"},"modified":"2026-01-09T18:15:01","modified_gmt":"2026-01-09T18:15:01","slug":"gewuerzmuehlen","status":"publish","type":"page","link":"https:\/\/galerie-wp.helmut-pelzer.de\/?page_id=155","title":{"rendered":"Gew\u00fcrzm\u00fchlen"},"content":{"rendered":"\n<pre class=\"wp-block-preformatted\">Hier werden n\u00fctzliche Dinge gezeigt, die den Alltag sch\u00f6ner machen, wie z.B.Muskat- und Pfeffer- und Salzm\u00fchlen.<\/pre>\n\n\n\n<div style=\"height:9px\" aria-hidden=\"true\" class=\"wp-block-spacer\"><\/div>\n\n\n\n<figure class=\"wp-block-gallery has-nested-images columns-default is-cropped wp-block-gallery-5 is-layout-flex wp-block-gallery-is-layout-flex\">\n<figure class=\"wp-block-image size-large is-style-rounded is-style-rounded--1\"><img loading=\"lazy\" decoding=\"async\" width=\"768\" height=\"1024\" data-id=\"47\" src=\"https:\/\/galerie-wp.helmut-pelzer.de\/wp-content\/uploads\/2023\/11\/2023.08-Einhandmuehle-Pfeffer-Nuss-Kirsche-768x1024.jpg\" alt=\"\" class=\"wp-image-47\" style=\"aspect-ratio:3\/4;object-fit:cover\" srcset=\"https:\/\/galerie-wp.helmut-pelzer.de\/wp-content\/uploads\/2023\/11\/2023.08-Einhandmuehle-Pfeffer-Nuss-Kirsche-768x1024.jpg 768w, https:\/\/galerie-wp.helmut-pelzer.de\/wp-content\/uploads\/2023\/11\/2023.08-Einhandmuehle-Pfeffer-Nuss-Kirsche-225x300.jpg 225w, https:\/\/galerie-wp.helmut-pelzer.de\/wp-content\/uploads\/2023\/11\/2023.08-Einhandmuehle-Pfeffer-Nuss-Kirsche-1152x1536.jpg 1152w, https:\/\/galerie-wp.helmut-pelzer.de\/wp-content\/uploads\/2023\/11\/2023.08-Einhandmuehle-Pfeffer-Nuss-Kirsche.jpg 1321w\" sizes=\"auto, (max-width: 768px) 100vw, 768px\" \/><figcaption class=\"wp-element-caption\"><strong>Einhandm\u00fchlen (Pfeffer)<\/strong><br>Nussbaum &#8211; Kirschbaum<\/figcaption><\/figure>\n\n\n\n<figure class=\"wp-block-image size-large is-resized is-style-rounded is-style-rounded--2\"><img loading=\"lazy\" decoding=\"async\" width=\"768\" height=\"1024\" data-id=\"528\" src=\"https:\/\/galerie-wp.helmut-pelzer.de\/wp-content\/uploads\/2026\/01\/2026.01-Gewuerzmuehle-Mirabelle-ca-23cm-1-768x1024.jpg\" alt=\"\" class=\"wp-image-528\" style=\"aspect-ratio:1.3333333333333333;object-fit:cover;width:273px;height:auto\" srcset=\"https:\/\/galerie-wp.helmut-pelzer.de\/wp-content\/uploads\/2026\/01\/2026.01-Gewuerzmuehle-Mirabelle-ca-23cm-1-768x1024.jpg 768w, https:\/\/galerie-wp.helmut-pelzer.de\/wp-content\/uploads\/2026\/01\/2026.01-Gewuerzmuehle-Mirabelle-ca-23cm-1-225x300.jpg 225w, https:\/\/galerie-wp.helmut-pelzer.de\/wp-content\/uploads\/2026\/01\/2026.01-Gewuerzmuehle-Mirabelle-ca-23cm-1-1152x1536.jpg 1152w, https:\/\/galerie-wp.helmut-pelzer.de\/wp-content\/uploads\/2026\/01\/2026.01-Gewuerzmuehle-Mirabelle-ca-23cm-1-1536x2048.jpg 1536w, https:\/\/galerie-wp.helmut-pelzer.de\/wp-content\/uploads\/2026\/01\/2026.01-Gewuerzmuehle-Mirabelle-ca-23cm-1.jpg 1745w\" sizes=\"auto, (max-width: 768px) 100vw, 768px\" \/><figcaption class=\"wp-element-caption\"><strong>Gew\u00fcrzm\u00fchle Mirabellenholz ca. 23cm<\/strong><br>hochwertiges Keramikmahlwerk<br>f\u00fcr Pfeffer oder Salz<br><\/figcaption><\/figure>\n\n\n\n<figure class=\"wp-block-image size-large is-style-rounded is-style-rounded--3\"><img loading=\"lazy\" decoding=\"async\" width=\"768\" height=\"1024\" data-id=\"529\" src=\"https:\/\/galerie-wp.helmut-pelzer.de\/wp-content\/uploads\/2026\/01\/2025.12-Gewuerzmuehle-Kirschbaum-ca-24cm-1-768x1024.jpg\" alt=\"\" class=\"wp-image-529\" style=\"aspect-ratio:3\/4;object-fit:cover\" srcset=\"https:\/\/galerie-wp.helmut-pelzer.de\/wp-content\/uploads\/2026\/01\/2025.12-Gewuerzmuehle-Kirschbaum-ca-24cm-1-768x1024.jpg 768w, https:\/\/galerie-wp.helmut-pelzer.de\/wp-content\/uploads\/2026\/01\/2025.12-Gewuerzmuehle-Kirschbaum-ca-24cm-1-225x300.jpg 225w, https:\/\/galerie-wp.helmut-pelzer.de\/wp-content\/uploads\/2026\/01\/2025.12-Gewuerzmuehle-Kirschbaum-ca-24cm-1-1152x1536.jpg 1152w, https:\/\/galerie-wp.helmut-pelzer.de\/wp-content\/uploads\/2026\/01\/2025.12-Gewuerzmuehle-Kirschbaum-ca-24cm-1-1536x2048.jpg 1536w, https:\/\/galerie-wp.helmut-pelzer.de\/wp-content\/uploads\/2026\/01\/2025.12-Gewuerzmuehle-Kirschbaum-ca-24cm-1.jpg 1875w\" sizes=\"auto, (max-width: 768px) 100vw, 768px\" \/><figcaption class=\"wp-element-caption\"><strong>Gew\u00fcrzm\u00fchle Kirschbaum ca. 24cm<\/strong><br>hochwertiges Keramikmahlwerk<br>f\u00fcr Pfeffer oder Salz <br><\/figcaption><\/figure>\n\n\n\n<figure class=\"wp-block-image size-large is-style-rounded is-style-rounded--4\"><img loading=\"lazy\" decoding=\"async\" width=\"1024\" height=\"872\" data-id=\"530\" src=\"https:\/\/galerie-wp.helmut-pelzer.de\/wp-content\/uploads\/2026\/01\/2026.01-Gewuerzmuehlen-1024x872.jpg\" alt=\"\" class=\"wp-image-530\" srcset=\"https:\/\/galerie-wp.helmut-pelzer.de\/wp-content\/uploads\/2026\/01\/2026.01-Gewuerzmuehlen-1024x872.jpg 1024w, https:\/\/galerie-wp.helmut-pelzer.de\/wp-content\/uploads\/2026\/01\/2026.01-Gewuerzmuehlen-300x256.jpg 300w, https:\/\/galerie-wp.helmut-pelzer.de\/wp-content\/uploads\/2026\/01\/2026.01-Gewuerzmuehlen-768x654.jpg 768w, https:\/\/galerie-wp.helmut-pelzer.de\/wp-content\/uploads\/2026\/01\/2026.01-Gewuerzmuehlen-1536x1309.jpg 1536w, https:\/\/galerie-wp.helmut-pelzer.de\/wp-content\/uploads\/2026\/01\/2026.01-Gewuerzmuehlen-2048x1745.jpg 2048w\" sizes=\"auto, (max-width: 1024px) 100vw, 1024px\" \/><figcaption class=\"wp-element-caption\"><strong>Gew\u00fcrzm\u00fchlen, Eiche, Mirabelle, Kirsche, Birke<\/strong><br>hochwertiges Keramikmahlwerk f\u00fcr Pfeffer oder Salz<\/figcaption><\/figure>\n<\/figure>\n\n\n\n<figure class=\"wp-block-image aligncenter size-large is-style-rounded is-style-rounded--6\"><img loading=\"lazy\" decoding=\"async\" width=\"1024\" height=\"768\" src=\"https:\/\/galerie-wp.helmut-pelzer.de\/wp-content\/uploads\/2024\/03\/20240317_2048291-1024x768.jpg\" alt=\"\" class=\"wp-image-390\" srcset=\"https:\/\/galerie-wp.helmut-pelzer.de\/wp-content\/uploads\/2024\/03\/20240317_2048291-1024x768.jpg 1024w, https:\/\/galerie-wp.helmut-pelzer.de\/wp-content\/uploads\/2024\/03\/20240317_2048291-300x225.jpg 300w, https:\/\/galerie-wp.helmut-pelzer.de\/wp-content\/uploads\/2024\/03\/20240317_2048291-768x576.jpg 768w, https:\/\/galerie-wp.helmut-pelzer.de\/wp-content\/uploads\/2024\/03\/20240317_2048291-1536x1152.jpg 1536w, https:\/\/galerie-wp.helmut-pelzer.de\/wp-content\/uploads\/2024\/03\/20240317_2048291-2048x1536.jpg 2048w\" sizes=\"auto, (max-width: 1024px) 100vw, 1024px\" \/><figcaption class=\"wp-element-caption\"><strong>Muskatm\u00fchlen (Pflaume, Kirschbaum, Esche, Edelkastanie<\/strong>)<\/figcaption><\/figure>\n","protected":false},"excerpt":{"rendered":"<p>Hier werden n\u00fctzliche Dinge gezeigt, die den Alltag sch\u00f6ner machen, wie z.B.Muskat- und Pfeffer- und Salzm\u00fchlen.<\/p>\n","protected":false},"author":1,"featured_media":0,"parent":0,"menu_order":0,"comment_status":"closed","ping_status":"closed","template":"","meta":{"footnotes":""},"class_list":["post-155","page","type-page","status-publish","hentry"],"_links":{"self":[{"href":"https:\/\/galerie-wp.helmut-pelzer.de\/index.php?rest_route=\/wp\/v2\/pages\/155","targetHints":{"allow":["GET"]}}],"collection":[{"href":"https:\/\/galerie-wp.helmut-pelzer.de\/index.php?rest_route=\/wp\/v2\/pages"}],"about":[{"href":"https:\/\/galerie-wp.helmut-pelzer.de\/index.php?rest_route=\/wp\/v2\/types\/page"}],"author":[{"embeddable":true,"href":"https:\/\/galerie-wp.helmut-pelzer.de\/index.php?rest_route=\/wp\/v2\/users\/1"}],"replies":[{"embeddable":true,"href":"https:\/\/galerie-wp.helmut-pelzer.de\/index.php?rest_route=%2Fwp%2Fv2%2Fcomments&post=155"}],"version-history":[{"count":9,"href":"https:\/\/galerie-wp.helmut-pelzer.de\/index.php?rest_route=\/wp\/v2\/pages\/155\/revisions"}],"predecessor-version":[{"id":531,"href":"https:\/\/galerie-wp.helmut-pelzer.de\/index.php?rest_route=\/wp\/v2\/pages\/155\/revisions\/531"}],"wp:attachment":[{"href":"https:\/\/galerie-wp.helmut-pelzer.de\/index.php?rest_route=%2Fwp%2Fv2%2Fmedia&parent=155"}],"curies":[{"name":"wp","href":"https:\/\/api.w.org\/{rel}","templated":true}]}}